1641 + 2677. Calculate the highest common factor of b and 34.
34
Let r be (2 - 4)*(-2074)/17. What is the highest common factor of 20496 and r?
244
Suppose -23 = -2*k + 7. Let d be (0/(-40))/(-1*1). Suppose d = 10*a - 1240 + 40. What is the greatest common factor of a and k?
15
Let s = -115 + 387. Suppose -5*c = 4*p - 371, 3*p - c = -6*c + s. Let b be 9*1*-3*(-3)/9. Calculate the greatest common factor of b and p.
9
Let i be (-6)/(-1 + -1) + (35 - (-8 + 42)). What is the highest common factor of i and 776?
4
Let d = 244 + -244. Suppose 9*p - 17*p + 208 = d. What is the highest common factor of 26 and p?
26
Suppose 2146 = -12*d + 3154. Let h be 340/6 + 4/(-6). Calculate the highest common factor of h and d.
28
Suppose 0*y + 5*s - 530 = -5*y, 2*y - 3*s - 212 = 0. Suppose 0 = 7*q - y - 104. Calculate the highest common divisor of 240 and q.
30
Let v(g) = -2540*g + 551. Let m be v(-8). Calculate the highest common divisor of 27 and m.
27
Let q(d) = -79*d + 4. Let i be q(-9). Suppose -6*u + u + i = 0. What is the greatest common factor of 117 and u?
13
Let p = 109 + -98. Suppose 0 = p*h + 798 - 94. Let s be ((-10)/(-1))/((-4)/h) - 0. What is the greatest common factor of s and 10?
10
Suppose 23*r - 83*r = -2340. Let g = 29 + -3. Calculate the greatest common divisor of r and g.
13
Let l(b) = -b + 13. Let i be l(7). Suppose -2*y = -i*y + 5*o + 62, 3*y + 2*o = 58. What is the greatest common factor of 126 and y?
18
Suppose 8*g - 111 = 345. What is the highest common divisor of g and 1349?
19
Let z be 8/(6 + -4)*10/8. Suppose -2*y + 4*m = -716, 14*y - z*m = 9*y + 1765. Calculate the greatest common divisor of 12 and y.
12
Let s(c) = c**2 - 32*c - 114. Let x be s(-34). Calculate the highest common divisor of x and 150.
30
Let u be (-5)/(-10) - 3/((-30)/55). Suppose 5*f = u*v - v + 100, 0 = 4*v + 16. What is the greatest common divisor of 6 and f?
2
Let f be (-236119)/(-886)*8/26. What is the highest common divisor of 697 and f?
41
Suppose v - 3*v - a = -1204, 4*v - 2420 = 4*a. Calculate the greatest common factor of v and 135.
9
Let i(r) = r**3 - 47*r**2 - 92*r + 24. Let x be i(49). Calculate the greatest common factor of x and 11978.
106
Let c = -38 + 38. Suppose c = 4*n + 5*f - 354, -n = -0*f - 4*f - 99. Suppose -4*t = 35 - n. Calculate the highest common factor of 42 and t.
14
Suppose -4*f - 10 = -3*f - 3*r, 3*f = 4*r - 5. Let o be 35/f - 2/2. Suppose o = -3*h - 5*p, 0*h + 4*p + 9 = -h. What is the greatest common factor of 2 and h?
1
Suppose 161 = -7*g + 182. Suppose -j + 5*k = -235, 0 = 2*j + 2*k + g*k - 410. What is the highest common factor of 43 and j?
43
Let c(f) = 246*f**2 + 42*f - 124. Let u be c(3). Calculate the greatest common factor of 8 and u.
8
Suppose t - 4*y - 37 = -1, 0 = -4*t + 5*y + 122. Let u be (-5230)/(-8) - (3 - 65/20). Let f = -430 + u. Calculate the greatest common divisor of t and f.
28
Let x(b) = 28*b**2 + 266*b - 30. Let h be x(-11). Calculate the greatest common divisor of 4896 and h.
144
Let v be ((-1 + (-23)/(-5))*5/3)/3. Calculate the greatest common divisor of v and 6.
2
Suppose -40*a = 11422 - 117982. Calculate the greatest common factor of a and 72.
72
Suppose -77 = 6*g - 473. Let t(m) = -m**2 + 9*m + 6. Suppose 0 = -k + 44 - 35. Let r be t(k). Calculate the greatest common factor of r and g.
6
Suppose 4*m + 5 = -5*u + 28, 2*m + 8 = 4*u. Suppose 0 = -u*w + 1736 - 62. What is the greatest common divisor of w and 62?
62
Let l = -34946 + 34982. Calculate the highest common divisor of 5046 and l.
6
Let o(u) = 13*u**2 + 3*u - 4. Let s be o(4). Suppose -2*y + 1 = -5. Suppose -y*p = -5*p + 54. Calculate the greatest common divisor of s and p.
27
Suppose 0 = -91*v + 1243853 + 1720951 - 535559. What is the highest common divisor of v and 190?
95
Let i = -2046 + -600. Let b be i/84*(-4)/7. What is the greatest common factor of 99 and b?
9
Suppose 5*d + 20 = 4*m, 0 = 2*d - 10*m + 5*m + 8. Let l be 29 + -1*12/d. Calculate the highest common factor of 4 and l.
4
Let q = -5192 - -7348. What is the highest common divisor of q and 220?
44
Suppose 0 = -434*f + 436*f - 550. Let c(k) = k**3 + 7*k**2 + k - 5. Let m be c(-6). Calculate the highest common divisor of m and f.
25
Let j = -4118 + 4475. What is the greatest common factor of j and 203?
7
Let r be -34*(5/18 - 14/(-63)). Let t be r/(-1) + 14 + -18. What is the greatest common factor of 208 and t?
13
Suppose -5*m - 76*k + 425 = -81*k, -2*k - 2 = 0. Calculate the highest common divisor of m and 1204.
28
Let x = 84 - 36. Let g = -46 + x. Suppose -g*h = -4*w + 22, 5*w + h - 5 = 5. What is the highest common divisor of w and 9?
3
Let q(h) = h**2 - 5*h - 27. Let c be q(9). Let f(a) = -2*a**2 + 19*a + 13. Let l be f(c). What is the highest common factor of 33 and l?
11
Suppose 0 = 5*q - m + 12, -3*q + 2*q = -5*m + 12. Let p = 4 + q. Suppose -p*s + 40 = -12. What is the greatest common divisor of 65 and s?
13
Let a(y) = 3*y**2 + 12*y + 11. Let z(p) = p**2 - 3*p - 7. Let h be z(3). Let r be a(h). Suppose 5*i + r = 229. What is the greatest common factor of 31 and i?
31
Suppose -5*w + 548 = 3*b - 1634, 0 = -w - 1. Let x be 2964/27 - (-9)/(b/18). What is the highest common factor of x and 550?
110
Suppose -14 - 14 = -2*b. Let s = 19 - b. Suppose 0*w - s*w = -55. Calculate the greatest common factor of w and 22.
11
Let f be 6/(-159) + (-51850)/(-3233). Calculate the greatest common divisor of 226 and f.
2
Let q = -27 - -52. Let r(y) = 14*y**2 - 62*y - 247. Let l be r(-4). What is the greatest common factor of q and l?
25
Suppose 2*q - 1282 = -5*d, 3*q = q - 2*d + 1258. What is the highest common divisor of 1215 and q?
27
Suppose 51*z - 4800 = 3*z. Calculate the greatest common factor of 17900 and z.
100
Let q = 5911 - 5673. Calculate the greatest common divisor of q and 6902.
238
Let n be -197*(15/(-10) - 5/(-2)). Let c = n - -198. Calculate the greatest common factor of c and 31.
1
Suppose 0 = -2*j - 17*m + 15*m + 8, 2*j - m - 20 = 0. Suppose j*s = 4114 - 530. What is the greatest common divisor of s and 56?
56
Suppose 0 = 24*v - 82 + 202. Let u be 16/v*((-10)/(-4) + -5). Calculate the highest common factor of 104 and u.
8
Suppose 0 = -3*a - 8 + 2. Let r be (a/4)/((-4)/(3 + 389)). Suppose 7 + r = 4*f. What is the highest common factor of f and 56?
14
Let y(v) = -7*v + 70. Let o(f) = 6*f - 71. Let k(d) = 3*o(d) + 2*y(d). Let w be k(20). Calculate the greatest common divisor of 343 and w.
7
Suppose 0 = -4*k + 8*k - 2*a - 22, -k - 7 = 2*a. Suppose -30 = -k*y - 4*b, 2*b - 4 + 54 = 5*y. Calculate the greatest common divisor of 110 and y.
10
Suppose -3*o + 10957 - 742 = 0. Suppose -4*h + 2*h - 2*i = -1374, -5*h + 5*i + o = 0. Calculate the highest common factor of h and 76.
76
Let g(o) = -6*o**2 + 14*o - 53. Let t be g(4). Let l = -80 - t. Calculate the highest common divisor of 13 and l.
13
Let t be 2/(((-2)/18)/((-14)/12)). Suppose -3*u = -9 - t. Suppose f - 5*f = q - 98, -106 = -4*f + 3*q. Calculate the highest common divisor of u and f.
5
Let n(p) = -11*p**3 + 77*p**2 - 4*p + 54. Let l be n(7). Suppose 2*j = -2*j + 312. What is the greatest common factor of l and j?
26
Suppose 68*w + 11059 = 91463 + 9084. Calculate the highest common divisor of 141 and w.
47
Let a be (7/21)/((-22)/(-245916)). What is the greatest common factor of a and 36?
18
Let r be (-24)/(-4) + -13 - (-8)/(40/8645). Calculate the highest common factor of r and 462.
42
Let y = -131 - 67. Let u = 214 + y. What is the highest common factor of u and 64?
16
Suppose -2*s + 236 = -2*f + 790, -2*s = -f + 274. What is the greatest common divisor of 6 and f?
2
Let b(m) = -2*m**3 + 3*m**2 - 3*m - 1. Let j be b(3). Let n = -67 - j. Let f be 237/9 - n/18. What is the greatest common factor of 7 and f?
7
Let o = 55 + -129. Let b = o - -96. Let s = 26 - b. Calculate the greatest common factor of s and 2.
2
Let b(i) = -4*i**3 - 12*i**2 - 33*i - 88. Let s be b(-4). Let z(p) = -2*p**3 - 3*p**2 - 7. Let d be z(-3). What is the greatest common divisor of s and d?
4
Suppose 0 = 4*f + 4*n - 42944, 5*n = 104 - 134. Calculate the greatest common factor of f and 524.
262
Let z = 6858 - 6847. What is the greatest common factor of 75 and z?
1
Let g be ((-1)/(-6))/(9 + 13086/(-1458))*16. What is the highest common divisor of g and 282?
6
Let 